 + 1). What is the greatest common factor of 46 and k?
23
Let x(t) = t**2 + t. Let q be x(-2). Suppose 0 = 6*z - q*z - 40. Suppose -y + 70 = 20. Calculate the greatest common divisor of z and y.
10
Let w(p) = p**3 - 5*p**2 - 7*p + 8. Let n = -3 + 9. Let i be w(n). Suppose -59 + 11 = -i*m. What is the highest common factor of m and 96?
24
Let g = 260 - 248. Calculate the highest common factor of g and 120.
12
Let r be (52/(-10))/(7/(-35)). Let y = r + 65. What is the highest common factor of y and 13?
13
Suppose n = -3*j + 255, 5*j - 35*n = -33*n + 414. Calculate the highest common factor of j and 132.
12
Let m(w) = 9*w**3 - 8*w**2 - 14. Let o be m(7). Let d be o/77 + 4/22. Calculate the highest common factor of 14 and d.
7
Suppose -3*j - 12 = -4*j + i, -5*j + i + 40 = 0. What is the greatest common factor of 2093 and j?
7
Let i = 23 + -50. Let t = 132 + -91. Let u = t + i. Calculate the greatest common divisor of 70 and u.
14
Suppose 3*x - 13 = 5*o, -o + 2 = -2*o. Let j(w) = -3*w - 10. Let s be j(-4). Calculate the greatest common factor of s and x.
1
Let t(i) = 3*i**3 + 33*i**2 - 4*i + 3. Let j be t(-8). What is the highest common factor of j and 47?
47
Let h = -44 - -119. Let o be -1*6 + 1 - (10 + -45). What is the highest common factor of o and h?
15
Suppose 193 + 203 = 9*r. What is the highest common divisor of 33 and r?
11
Let s(a) = 2*a + 6. Let m be s(-2). Suppose m*n - 113 = 13. What is the greatest common factor of 9 and n?
9
Suppose -2*b + 3*t = -10 - 12, -b = -4*t - 16. Let u = 178 - 174. What is the greatest common divisor of u and b?
4
Let q be 18*((-1242)/12)/(-23). Calculate the greatest common divisor of q and 837.
27
Let t be 125/7 - (-7)/49. Let u(p) = p**2 - 8*p - 42. Let h be u(-12). What is the greatest common factor of t and h?
18
Let b(x) = -5*x + 60. Let w be b(0). What is the highest common factor of 48 and w?
12
Let g(h) be the second derivative of h**4/12 - h**3/6 - 3*h**2 + 3*h. Let u be g(4). Calculate the greatest common divisor of u and 3.
3
Suppose 5*p - 6 = 2*x - 0, 3 = -x. Suppose -92 = -3*h + 5*o, p = h - 3*h - o + 44. What is the highest common divisor of h and 40?
8
Suppose 125 = -5*c - 5*v, -3*v = -4*c - 2*v - 105. Let j = -23 - c. Suppose 23 = -j*i - 5*a + 6, -12 = 3*a. What is the highest common divisor of i and 3?
1
Suppose -2*p - 182 = -3*a, 2*a + 33*p - 32*p - 119 = 0. What is the greatest common divisor of 216 and a?
12
Let b(c) = c**2 - 10*c. Let z be b(-6). Let o = -72 + z. Calculate the greatest common factor of 3 and o.
3
Let u be -28 + -3*8/(-6). Let d = u - -20. Let z be d/(4 + 6*-1). Calculate the highest common divisor of z and 22.
2
Suppose -9 = -4*o + 11. Suppose 0 = -4*q - 3*f - 639, -2*q - o*f - 405 = -82. Let i be (-3)/(-9) + q/(-9). What is the greatest common divisor of 12 and i?
6
Let j = -30 + 44. Let f = 17 - j. Suppose f*k - 153 = -2*o + 5*o, -3*k - 2*o + 128 = 0. Calculate the greatest common factor of k and 69.
23
Suppose 0 = -4*i - 4*p + 124, -5*i + 4*p + 237 = 46. Calculate the greatest common factor of i and 25.
5
Let b = -6 + 8. Suppose 3*z + 3*v = 63, 9 = z + b*v - 5*v. Let o be (z/7)/((-1)/(-7)). What is the highest common divisor of 2 and o?
2
Let l(w) = 4*w - 1. Let d be l(1). Suppose -16*m + 2965 = 2821. Calculate the highest common divisor of m and d.
3
Suppose 3*v - 4*z - 38 = 0, -v - 4*z + 16 = -2*z. Let o = 22 - v. Calculate the highest common factor of 4 and o.
4
Let n be (-6)/(-15) - 5214/(-15). What is the greatest common factor of 24 and n?
12
Let z = -40 - -47. Let g(d) = -d**3 + 7*d**2 + 3*d - 7. Let q be g(z). What is the highest common divisor of 126 and q?
14
Let n be 1/(-2) + 7/2. Suppose 4*k - 4*a = 44, -6 = n*k + 4*a - 46. Calculate the greatest common divisor of 12 and k.
12
Suppose 0 = -6*s + 11*s - 65. Let y(v) = 2*v**2 + 6*v + 3. Let l = 9 - 15. Let n be y(l). Calculate the highest common factor of n and s.
13
Suppose 37*p = 5*n + 36*p - 289, -p - 175 = -3*n. What is the highest common factor of 6 and n?
3
Let t = 190 - 172. What is the highest common divisor of 9 and t?
9
Let u be ((-1)/(14/(-49)))/((-2)/(-100)). What is the greatest common divisor of u and 35?
35
Let x be 14/(-21) + (1 - (-59)/3). Let m = 11 - 1. Calculate the greatest common factor of m and x.
10
Let y = -3 + 2. Let n be y + -3*(-2)/2. Let o(p) = 2*p**2 - 131*p + 777. Let j be o(59). Calculate the highest common divisor of j and n.
2
Suppose -10626 = -44*y + 11*y. What is the greatest common factor of 69 and y?
23
Suppose -6 = m - 4*k, 5*m - 5*k + 18 = 9*m. Let a be (1/m)/((-8)/(-640)). What is the highest common divisor of a and 30?
10
Suppose 23*h - 30 = 39. What is the greatest common divisor of 12 and h?
3
Let j = 70 + -29. Suppose j = r + 5*n - 3, 2*r + 3*n = 74. Calculate the highest common divisor of r and 170.
34
Let b(j) = 10*j**3 - j**2. Let k be b(1). Calculate the highest common factor of k and 270.
9
Let v be (3 - (-12)/(-2)) + 3. Suppose v = -5*z + z, 5*x - z = 25. Suppose -x*o + 3*o + 330 = 0. Calculate the greatest common divisor of o and 15.
15
Let j be 3/((-18)/(-132) - 0). Let z be 1002/18 + (-2)/3. Suppose -z = -4*k - k. What is the highest common factor of k and j?
11
Let a be (-16)/(-6) - 4/6. Let d be ((-24)/(-28))/(a/42). What is the highest common factor of 198 and d?
18
Let g be (-2)/6*(-10)/(-15)*-18. Calculate the highest common factor of 20 and g.
4
Suppose 1020 = 2*s + 1012. What is the greatest common divisor of 38 and s?
2
Let i = 390 - 369. Let n(p) = p**2 - 2*p - 1. Let u be n(-2). Calculate the highest common divisor of u and i.
7
Let i = -4 + -3. Let r = i + 20. Let l be (26/6)/(6/18). What is the highest common factor of l and r?
13
Let f be (-3)/(9/(-2))*231. Suppose 345*r - 363 = 330*r + 297. Calculate the highest common divisor of r and f.
22
Let u = -199 - -254. Calculate the greatest common factor of 11 and u.
11
Let c = -487 - -283. Let h be c/(-10) + (-6)/15. Let o be 54 + -5 + 3 - 2. Calculate the greatest common divisor of o and h.
10
Let g be (17/((-136)/1344))/(-2). What is the greatest common factor of g and 98?
14
Let v = -55 + -96. Suppose 55 = -3*s - r - 65, -2*s + 3*r = 69. Let y = s - v. Calculate the highest common divisor of 16 and y.
16
Suppose 0 = x - 0 - 16. Let h = -1195 - -1339. Calculate the highest common divisor of h and x.
16
Let q(b) = -7*b - 3. Let z be q(-3). Let a = 26 + -14. Calculate the highest common divisor of z and a.
6
Let x be ((-6)/2)/(11/(-110)). Let i = x + -26. Let a(o) = -o - 1. Let j be a(-3). Calculate the highest common factor of j and i.
2
Let o be 11512/48 + 1/6. What is the highest common divisor of o and 90?
30
Let l be (-13160)/(-315) + (-4)/(-18). Suppose h - 2 = 12. What is the highest common divisor of l and h?
14
Suppose 2*s - 6*s = -900. Let l = -7177 - -7202. What is the greatest common factor of s and l?
25
Suppose -2*m = -31 - 37. Let q = 142 + m. What is the greatest common factor of 22 and q?
22
Suppose 0 = 6*c - 6 - 30. Suppose 1151*y = 1143*y + 240. What is the greatest common factor of c and y?
6
Suppose 7*p = 3*p + 16. Suppose -5*t - 2*x = -4*x + 24, -4*t - 5*x = 6. Let a be (t/(-3))/(8/192). Calculate the highest common divisor of p and a.
4
Suppose 1084 = 9*y - 5936. What is the greatest common divisor of 105 and y?
15
Let g = 1735 + -1699. What is the highest common factor of g and 4716?
36
Suppose 4*a - k = 126, -4*a = -a - 5*k - 86. Suppose 2*s = 4*g - 0*s - a, g + 6 = 4*s. Calculate the greatest common factor of g and 10.
10
Suppose 18*p - 434 = -146. Let m = -3 - -7. Calculate the greatest common divisor of m and p.
4
Let t(p) = 7*p - 6. Let n be t(6). Suppose 0 = -j - 2*j + n. Let r(o) = -2*o - 2. Let c be r(-3). What is the highest common divisor of j and c?
4
Let k(s) = 4*s - 401 + 0*s + 405 + s**2. Suppose 0 = 5*c - 3*c - 8. Let v be k(c). What is the greatest common factor of 9 and v?
9
Suppose 9*l = 90 + 153. Calculate the highest common factor of l and 135.
27
Let b = 67 + -77. Let j be b/15 - 1*(-232)/6. Calculate the greatest common divisor of 38 and j.
38
Suppose 4*y + 35 = b, -2*b + 0*b = -2*y - 40. Suppose 0 = 5*h - b - 0. What is the highest common factor of 48 and h?
3
Let p(f) = -6*f**3 - 2*f**2 - f + 1. Let i be p(-1). Suppose -4*g - x = -412, -3*g + x